 701
What are the prime factors of 2094598?
2, 11, 19, 5011
What are the prime factors of 1641274?
2, 820637
What are the prime factors of 4821519?
3, 1607173
List the prime factors of 226339.
113, 2003
What are the prime factors of 1206089?
37, 881
What are the prime factors of 116534?
2, 11, 5297
List the prime factors of 639656.
2, 37, 2161
What are the prime factors of 529338?
2, 3, 88223
What are the prime factors of 391748?
2, 7, 17, 823
List the prime factors of 1101010.
2, 5, 23, 4787
What are the prime factors of 30948072?
2, 3, 139, 9277
List the prime factors of 13642680.
2, 3, 5, 23, 4943
What are the prime factors of 20409794?
2, 29, 293, 1201
List the prime factors of 4380262.
2, 2190131
List the prime factors of 92534.
2, 13, 3559
List the prime factors of 5677095.
3, 5, 37, 53, 193
List the prime factors of 8042924.
2, 317, 6343
What are the prime factors of 34950010?
2, 5, 3495001
List the prime factors of 31521.
3, 7, 19, 79
What are the prime factors of 224748?
2, 3, 2081
List the prime factors of 59368.
2, 41, 181
What are the prime factors of 17593?
73, 241
List the prime factors of 329792.
2, 5153
List the prime factors of 418981.
418981
List the prime factors of 1154827.
17, 67931
List the prime factors of 14981.
71, 211
List the prime factors of 25691.
23, 1117
List the prime factors of 36338017.
137, 265241
What are the prime factors of 9404480?
2, 5, 29389
List the prime factors of 9834431.
251, 39181
List the prime factors of 28114410.
2, 3, 5, 937147
List the prime factors of 12675373.
31, 61, 6703
List the prime factors of 913238.
2, 23, 19853
List the prime factors of 15336073.
15336073
List the prime factors of 85239.
3, 7, 11, 41
List the prime factors of 227736.
2, 3, 3163
What are the prime factors of 6511869?
3, 7, 13, 7951
List the prime factors of 4639734.
2, 3, 11, 73, 107
What are the prime factors of 328070?
2, 5, 53, 619
List the prime factors of 168045.
3, 5, 17, 659
List the prime factors of 125823.
3, 41941
What are the prime factors of 4377296?
2, 7, 11, 17, 19
List the prime factors of 557826.
2, 3, 239, 389
List the prime factors of 158411.
11, 14401
List the prime factors of 16564.
2, 41, 101
List the prime factors of 436428.
2, 3, 449
What are the prime factors of 2624393?
109, 24077
List the prime factors of 340317.
3, 37813
What are the prime factors of 3575714?
2, 433, 4129
What are the prime factors of 1952706?
2, 3, 7, 19, 2447
What are the prime factors of 244868?
2, 13, 17, 277
List the prime factors of 7338.
2, 3, 1223
List the prime factors of 79381.
163, 487
What are the prime factors of 76169?
59, 1291
What are the prime factors of 4202637?
3, 1400879
What are the prime factors of 113462?
2, 56731
What are the prime factors of 2589415?
5, 19, 97, 281
What are the prime factors of 849400?
2, 5, 31, 137
List the prime factors of 2492630.
2, 5, 7, 5087
List the prime factors of 2522753.
2522753
What are the prime factors of 1418735?
5, 17, 16691
What are the prime factors of 2523360?
2, 3, 5, 7, 751
List the prime factors of 279440.
2, 5, 7, 499
List the prime factors of 1143280.
2, 5, 31, 461
List the prime factors of 4750455.
3, 5, 316697
List the prime factors of 2711624.
2, 67, 5059
List the prime factors of 1758805.
5, 53, 6637
List the prime factors of 303413.
11, 27583
List the prime factors of 4429262.
2, 311, 7121
What are the prime factors of 256230?
2, 3, 5, 13, 73
What are the prime factors of 148819?
11, 83, 163
List the prime factors of 474189.
3, 263, 601
List the prime factors of 341453.
7, 48779
What are the prime factors of 173711?
271, 641
What are the prime factors of 1248484?
2, 312121
List the prime factors of 499128.
2, 3, 7, 2971
List the prime factors of 7048922.
2, 1637, 2153
What are the prime factors of 3523570?
2, 5, 352357
List the prime factors of 4996181.
17, 293893
What are the prime factors of 7588493?
11, 677, 1019
What are the prime factors of 5165843?
233, 22171
List the prime factors of 29336583.
3, 73, 97, 1381
List the prime factors of 541865.
5, 29, 37, 101
What are the prime factors of 184774?
2, 92387
List the prime factors of 1632842.
2, 727, 1123
List the prime factors of 215680.
2, 5, 337
What are the prime factors of 4363045?
5, 872609
List the prime factors of 450907.
211, 2137
What are the prime factors of 6532930?
2, 5, 17, 83, 463
What are the prime factors of 62501?
62501
What are the prime factors of 255102?
2, 3, 17, 41, 61
List the prime factors of 2831965.
5, 566393
What are the prime factors of 243202?
2, 17, 23, 311
List the prime factors of 283690.
2, 5, 11, 2579
List the prime factors of 744559.
744559
List the prime factors of 1372431.
3, 43, 10639
List the prime factors of 1625651.
107, 15193
What are the prime factors of 15328756?
2, 31, 123619
What are the prime factors of 2139224?
2, 267403
List the prime factors of 14914575.
3, 5, 13, 5099
List the prime factors of 896150.
2, 5, 17923
List the prime factors of 1766576.
2, 7, 15773
List the prime factors of 2604827.
1601, 1627
List the prime factors of 157280.
2, 5, 983
What are the prime factors of 208286?
2, 13, 8011
List the prime factors of 488552.
2, 173, 353
List the prime factors of 4563754.
2, 13, 191, 919
What are the prime factors of 248779?
248779
List the prime factors of 4523439.
3, 1507813
List the prime factors of 801588.
2, 3, 67, 997
List the prime factors of 1859757.
3, 23, 26953
List the prime factors of 284870.
2, 5, 61, 467
List the prime factors of 348240.
2, 3, 5, 1451
List the prime factors of 3298715.
5, 7, 307
What are the prime factors of 204552?
2, 3, 947
List the prime factors of 2376961.
2376961
List the prime factors of 5123913.
3, 797, 2143
List the prime factors of 308929.
308929
What are the prime factors of 11760012?
2, 3, 11, 19, 521
What are the prime factors of 97849?
97849
List the prime factors of 6017958.
2, 3, 334331
List the prime factors of 32105523.
3, 29, 369029
List the prime factors of 365666.
2, 7, 26119
List the prime factors of 758593.
11, 68963
List the prime factors of 155681.
151, 1031
What are the prime factors of 5128632?
2, 3, 19, 23, 163
List the prime factors of 156959.
11, 19, 751
List the prime factors of 297882.
2, 3, 13, 19, 67
What are the prime factors of 5343145?
5, 1068629
List the prime factors of 17669374.
2, 67, 131861
What are the prime factors of 190606?
2, 13, 7331
List the prime factors of 2197636.
2, 7, 78487
What are the prime factors of 71446?
2, 139, 257
List the prime factors of 260020.
2, 5, 13001
List the prime factors of 68200.
2, 5, 11, 31
What are the prime factors of 139588?
2, 34897
List the prime factors of 2443521.
3, 199, 4093
List the prime factors of 247289.
7, 35327
What are the prime factors of 1828681?
1828681
List the prime factors of 2432281.
89, 27329
What are the prime factors of 13908618?
2, 3, 17, 109, 139
What are the prime factors of 97218?
2, 3, 11, 491
What are the prime factors of 3166757?
11, 287887
List the prime factors of 15158147.
67, 226241
What are the prime factors of 1569101?
1569101
What are the prime factors of 1070804?
2, 7, 167, 229
What are the prime factors of 1758424?
2, 73, 3011
List the prime factors of 2695740.
2, 3, 5, 179, 251
List the prime factors of 960939.
3, 7, 2179
List the prime factors of 2405611.
13, 211, 877
What are the prime factors of 154976?
2, 29, 167
List the prime factors of 6860336.
2, 7, 61253
List the prime factors of 929899.
59, 15761
What are the prime factors of 9036458?
2, 29, 155801
List the prime factors of 5789459.
13, 593, 751
What are the prime factors of 304780?
2, 5, 7, 311
List the prime factors of 131978.
2, 7, 11, 857
What are the prime factors of 11046?
2, 3, 7, 263
What are the prime factors of 248197?
19, 13063
List the prime factors of 537192.
2, 3, 829
What are the prime factors of 688685?
5, 137737
What are the prime factors of 522443?
19, 31, 887
What are the prime factors of 245328?
2, 3, 19, 269
What are the prime factors of 1015366?
2, 11, 46153
What are the prime factors of 226168?
2, 17, 1663
List the prime factors of 2842186.
2, 1421093
List the prime factors of 192439.
13, 113, 131
List the prime factors of 314128.
2, 29, 677
What are the prime factors of 452380?
2, 5, 22619
List the prime factors 